
40
Let d(f) = 184*f - 48. Give d(1).
136
Let v(t) = -t**3 + 7*t**2 - 3. Calculate v(0).
-3
Let w(j) = -2*j**2 + 85*j + 7239. What is w(85)?
14
Let g(x) = 2*x**3 - 3*x**2 + 10*x + 45. Calculate g(-4).
-171
Let h(a) = 103*a + 5669. Calculate h(-55).
4
Let z(d) = 8*d**2 - 62*d + 304. What is z(6)?
220
Let m(k) = 2*k**2 - 2570*k + 38093. Determine m(15).
-7
Let w(i) = -3*i**3 + 12*i + 27. Determine w(-3).
72
Let q(m) = -3*m**2 - 124*m - 1224. Determine q(-17).
17
Let b(i) = i**2 - 49*i - 21. What is b(48)?
-69
Let t(o) = o**3 + 11*o**2 - 16*o - 38. Determine t(-10).
222
Let i(u) = 7*u**2 + 72*u - 233. Give i(3).
46
Let f(d) = d**2 + 114*d - 112. Determine f(1).
3
Let o(l) = 2*l**3 - 6*l**2 + 11*l - 17. Calculate o(3).
16
Let s(b) = -b**2 - 8*b - 9. What is s(-6)?
3
Let m(d) = -25*d - 1212. Determine m(-48).
-12
Let u(v) = -34*v**3 + 2*v**2 - 15*v - 18. Give u(-1).
33
Let v(j) = 6*j + 338. Calculate v(-55).
8
Let r(m) = -56*m - 505. Determine r(-9).
-1
Let l(v) = 28*v**3 - 167*v**2 - 9*v + 30. Give l(6).
12
Let k(s) = 2*s**2 - 69*s - 337. Give k(39).
14
Let x(n) = -12023*n + 132241. What is x(11)?
-12
Let k(t) = -157*t - 148. What is k(0)?
-148
Let z(d) = d**3 + 5*d**2 + 11*d + 67. Give z(-5).
12
Let i(l) = -3*l**3 + 86*l**2 - 127*l + 2009. What is i(28)?
21
Let d(s) = 192*s - 2874. Give d(15).
6
Let m(f) = f**2 + 37. What is m(5)?
62
Let x(v) = -v**3 + 14*v**2 - 24*v - 55. Give x(12).
-55
Let m(s) = -s**2 + 58*s - 18. Give m(0).
-18
Let b(j) = 13*j + 350. Give b(-27).
-1
Let l(g) = -8*g**2 + 319*g + 1287. Give l(-4).
-117
Let g(v) = -3*v**3 + 23*v**2 + 49*v - 4. Give g(-2).
14
Let p(h) = 16*h**2 + 812*h + 591. Give p(-50).
-9
Let z(x) = -x**3 + 84*x**2 - 467*x - 96. Calculate z(78).
-18
Let n(t) = 169*t**2 + 3*t - 1. Calculate n(1).
171
Let s(n) = -420*n - 6748. Determine s(-16).
-28
Let p(v) = 2*v**2 - 89*v - 1585. What is p(58)?
-19
Let o(d) = 175*d - 1771. Calculate o(10).
-21
Let o(a) = 2*a**2 - 204*a + 1600. Determine o(94).
96
Let u(k) = 30*k**3 - 3*k**2 - 4*k + 2. Calculate u(-2).
-242
Let a(k) = -k**3 + 9*k**2 - 13*k - 50. Give a(6).
-20
Let c(m) = -218*m + 79. Determine c(-1).
297
Let j(y) = 62*y - 414. Calculate j(5).
-104
Let y(x) = x**2 - 21*x + 8. Calculate y(20).
-12
Let h(b) = 574*b + 3961. Give h(-7).
-57
Let g(y) = 16*y + 33. Give g(11).
209
Let v(n) = 4*n**3 + 50*n**2 - 19*n - 34. Calculate v(-13).
-125
Let y(l) = 35*l + 2051. Determine y(-60).
-49
Let s(d) = 8*d**2 - 92*d + 157. Determine s(9).
-23
Let p(h) = -9*h**2 + 85*h - 83. Give p(8).
21
Let n(s) = -33*s - 624. Calculate n(-21).
69
Let l(a) = a**2 - 7*a + 8. Give l(-4).
52
Let b(i) = 2*i**3 - 149*i**2 - 2*i - 12. What is b(0)?
-12
Let j(d) = -d**2 + 36*d + 952. Determine j(-18).
-20
Let o(n) = n**2 - 21*n + 14. Determine o(15).
-76
Let z(p) = -p**3 + 15*p**2 - 52*p + 288. What is z(13)?
-50
Let o(p) = 54*p - 803. Give o(15).
7
Let u(l) = 3*l**3 - 40*l**2 + 132*l - 13. Calculate u(5).
22
Let k(c) = 148*c + 6654. What is k(-45)?
-6
Let a(z) = -14*z**2 - 513*z - 807. Calculate a(-35).
-2
Let b(p) = 377*p - 1896. Give b(5).
-11
Let p(f) = 2*f**3 + 12*f**2 - 32*f + 21. What is p(-9)?
-177
Let u(z) = 5*z**3 - 635*z**2 + 1247*z + 373. What is u(125)?
-2
Let i(g) = 4*g - 143. Calculate i(42).
25
Let q(n) = n**2 - 43*n + 416. Calculate q(15).
-4
Let k(c) = -74*c + 1897. What is k(25)?
47
Let z(n) = -14*n**2 - 48*n - 22. Determine z(-3).
-4
Let r(g) = -25*g - 68. Give r(-3).
7
Let u(h) = -298*h + 6862. Give u(23).
8
Let s(m) = m**2 - 183*m + 2811. Give s(17).
-11
Let s(w) = -w**2 + 10*w + 18. Determine s(-3).
-21
Let j(n) = -12*n**2 + 4*n + 19. What is j(-2)?
-37
Let j(w) = w**2 - 13188*w + 39560. Give j(3).
5
Let c(u) = -u**2 - 30*u - 110. What is c(-31)?
-141
Let c(x) = -15*x + 890. Calculate c(59).
5
Let y(f) = -f**3 - 13*f**2 - 46*f - 23. Calculate y(-7).
5
Let y(v) = -429*v + 2594. Give y(6).
20
Let m(b) = -102*b**2 + 7859*b - 401. Calculate m(77).
-16
Let m(t) = -2*t**2 + 51*t - 267. Determine m(7).
-8
Let j(y) = 46*y + 342. What is j(-8)?
-26
Let m(y) = 175*y - 1653. What is m(9)?
-78
Let o(w) = w**3 - 14*w**2 + 18*w + 212. What is o(10)?
-8
Let c(t) = t**3 + 73*t**2 - 219*t + 677. Determine c(-76).
-7
Let t(u) = -u**2 - 10*u - 22. Give t(-4).
2
Let w(o) = -472*o + 1910. What is w(4)?
22
Let s(h) = 186*h + 8559. Give s(-46).
3
Let n(i) = i**3 + 17*i**2 + 28*i - 18. Give n(-15).
12
Let q(k) = 3*k - 182. Determine q(-15).
-227
Let j(y) = -39*y**2 - 431*y - 14. Determine j(-12).
-458
Let d(z) = 2*z**2 - 16*z + 6. Determine d(8).
6
Let b(n) = -312*n - 46204. Determine b(-148).
-28
Let c(j) = -j**3 - 75*j**2 - 605*j - 107. What is c(-9)?
-8
Let j(g) = 10*g**2 + 3*g - 1. Calculate j(1).
12
Let f(m) = m**2 - 55*m + 599. What is f(40)?
-1
Let z(p) = -p**3 + 5*p**2 + 47*p + 49. Calculate z(-4).
5
Let x(f) = 30*f - 149. Give x(5).
1
Let y(q) = 2*q**2 + 30*q - 8. Determine y(-15).
-8
Let i(r) = r**3 + 8*r**2 + 76*r + 958. Give i(-10).
-2
Let a(j) = -9*j - 43. Calculate a(-7).
20
Let h(p) = -94*p - 296. Determine h(6).
-860
Let h(m) = -m**3 - 19*m**2 - 26*m + 63. Calculate h(-17).
-73
Let v(y) = 15*y + 260. Determine v(-23).
-85
Let g(b) = 194*b + 8185. Calculate g(-42).
37
Let n(r) = -r**3 - 9*r**2 - 22*r + 18. What is n(-6)?
42
Let n(l) = l**3 - 13*l**2 - 12*l + 101. Determine n(7).
-277
Let s(c) = 22*c**2 + 136*c + 135. Determine s(-1).
21
Let h(f) = -3*f**3 + 3*f**2 + 10*f + 32. What is h(4)?
-72
Let y(k) = k**2 - k + 29. Determine y(-10).
139
Let m(p) = -2*p**2 - 172*p - 2380. Calculate m(-68).
68
Let g(w) = w**2 + 43*w + 183. Determine g(-46).
321
Let v(c) = 5348*c - 48132. What is v(9)?
0
Let k(n) = n**3 - 24*n**2 + 131*n - 15. Determine k(16).
33
Let r(d) = -7*d**3 - 2*d**2 + 8*d - 51. What is r(-5)?
734
Let b(d) = -2*d**2 + 23*d + 78. Give b(15).
-27
Let a(u) = 325*u + 17236. Calculate a(-53).
11
Let q(l) = -2*l**3 - 274*l**2 + l + 137. Calculate q(-137).
0
Let y(m) = -6*m**2 - 26*m - 75. What is y(-6)?
-135
Let k(l) = -12*l - 651. Determine k(-52).
-27
Let w(m) = -3*m**2 + m + 5501. What is w(43)?
-3
Let u(s) = 2*s**3 + 265*s**2 + 193*s + 8047. Calculate u(-132).
-5
Let w(q) = -q**3 - 4*q**2 + 56*q - 105. What is w(4)?
-9
Let y(k) = -k**2 + 22*k - 44. Give y(0).
-44
Let p(m) = m**2 + 64*m - 1318. Calculate p(-81).
59
Let h(d) = -497*d + 41779. Determine h(84).
31
Let a(x) = x**3 + 25*x**2 + 69*x - 45. Determine a(-21).
270
Let k(v) = v**2 + 3*v - 65. Determine k(9).
43
Let l(b) = -16*b**2 + 339*b - 385. Determine l(20).
-5
Let u(h) = 335*h - 10065. Determine u(30).
-15
Let y(q) = q**3 - 6*q**2 + 3*q - 80. Determine y(7).
-10
Let i(v) = 5504*v - 33026. Give i(6).
-2
Let j(m) = m**2 - 46*m - 46. Calculate j(50).
154
Let n(q) = -2*q**2 + 15*q + 8. Give n(7).
15
Let s(c) = -2*c**3 + 72*c**2 + 2*c + 46. Calculate s(36).
118
Let l(h) = h**2 - 7*h - 233. What is l(19)?
-5
Let m(s) = -2*s**3 - 10*s**2 - 8*s + 12. Give m(-5).
52
Let l(i) = i**2 - 89*i + 734. Calculate l(9).
14
Let p(q) = 719*q - 4965. Determine p(7).
68
Let y(t) = -t**3 + 72*t**2 + 66*t + 523. What is y(73)?
12
Let d(y) = -4*y**2 - 46*y - 336. Give d(-7).
-210
Let n(d) = 52*d - 1832. Calculate n(35).
-12
Let w(d) = -d**3 + 69*d**2 + 76*d - 426. What is w(70)?
-6
Let j(g) = g**2 - 18476*g + 166197. Determine j(9).
-6
Let b(d) = d**3 + d**2 - 6*d + 37. Give b(-5).
-33
Let y(u) = 51*u**2 - 45*u - 40. Calculate y(-1).
56
Let r(l) = l**2 + 100*l + 577. What is r(-6)?
13
Let v(m) = -2*m**2 + 245*m - 1887. What is v(8)?
-55
Let w(m) = 29*m + 65. Calculate w(-4).
-51
Let h(b) = -1248*b - 7493. Give h(-6).
-5
Let f(s) = -s**3 + 2*s**2 + 96*s - 8. What is f(-8)?
-136
Let h(c) = -c**3 - c**2 + 55*c + 54. Give h(0).
54
Let u(t) = -56*t - 88. What is u(-12)?
584
Let o(y) = -58*y + 3790. Calculate o(66).
-38
Let n(r) = -51*r - 172. Calculate n(0).
-172
Let n(d) = -213*d - 1169. What is n(-5)?
-104
Let b(x) = -2*x**3 + 84*x**2 + 62*x + 1026. Determine b(43).
-6
Let g(q) = q**2 + 119*q - 604. What is g(5)?
16
Let v(u) = 2*u**3 - 2*u**2 - 3*u - 8. Calculate v(-2).
-26
Let p(i) = -i**3 + 7*i**2 - 24*i + 38. What is p(3)?
2
Let r(d) = 8174*d + 49061. Determine r(-6).
17
Let h(m) = 142*m + 2538. What is h(-18)?
-18
Let g(w) = -14*w + 553. Determine g(40).
-7
Let r(d) = d**2 - 44611*d + 267633. What is r(6)?
3
Let l(h) = -8*h**3 - 126